{"id":1524,"date":"2022-10-26T09:10:27","date_gmt":"2022-10-26T09:10:27","guid":{"rendered":"https:\/\/recyclingnetwork.de\/?page_id=1524"},"modified":"2022-11-23T10:19:17","modified_gmt":"2022-11-23T10:19:17","slug":"die-recycling-network-app","status":"publish","type":"page","link":"https:\/\/recyclingnetwork.de\/?page_id=1524","title":{"rendered":"Die Recycling-Network App"},"content":{"rendered":"\n<p>Dies ist Ihre individuelle App. Der Kunde sieht nur die bei Ihnen bestellten Container. Die App kann mit dem Portal Recycling Network, mit Ihrer individuellen Webseite mit Recycling Network Shop Funktion oder auch alleine genutzt werden.<\/p>\n\n\n\n<p>Wenn Sie den Kunden einmal \u00fcber das Portal Recycling-Network gewonnen haben, k\u00f6nnen Sie ihn hiermit an sich binden.<\/p>\n\n\n\n<h4 class=\"wp-block-heading\">Ihre Vorteile<\/h4>\n\n\n\n<ul class=\"wp-block-list\">\n<li>Kundenbindung<\/li>\n\n\n\n<li>Weniger Vertriebskosten<\/li>\n\n\n\n<li>Weniger Auftragskosten, Entlastung durch automatischen Bestelleingang per E-Mail mit korrekten Adressdaten der Besteller.<\/li>\n\n\n\n<li>F\u00fcr Kunden jederzeit erreichbar, Bestellungen rund um die Uhr<\/li>\n\n\n\n<li>Preisg\u00fcnstig<\/li>\n\n\n\n<li>Schriftlicher Auftrag<\/li>\n\n\n\n<li>Prestige, Zus\u00e4tzlicher Vertriebskanal im Wachstumsmarkt Internet<\/li>\n\n\n\n<li>Kosteng\u00fcnstiges Marketing<\/li>\n\n\n\n<li>Zahlungsabwicklung \u00fcber die App (wenn gew\u00fcnscht)<\/li>\n<\/ul>\n\n\n\n<h4 class=\"wp-block-heading\">Vorteile des Kunden:<\/h4>\n\n\n\n<ul class=\"wp-block-list\">\n<li>Keine Warteschleife<\/li>\n\n\n\n<li>Schnelle Bestellung<\/li>\n\n\n\n<li>24h Erreichbarkeit<\/li>\n\n\n\n<li>Zeitersparnis<\/li>\n\n\n\n<li>schnelle Information<\/li>\n<\/ul>\n\n\n\n<h2 class=\"wp-block-heading\">So funktioniert die App<\/h2>\n\n\n\n<div class=\"wp-block-media-text alignwide is-stacked-on-mobile\"><figure class=\"wp-block-media-text__media\"><img loading=\"lazy\" decoding=\"async\" width=\"1024\" height=\"709\" src=\"https:\/\/recyclingnetwork.de\/wordpress\/wp-content\/uploads\/2022\/10\/main4_web_screen-1024x709.jpg\" alt=\"\" class=\"wp-image-1526 size-full\" srcset=\"https:\/\/recyclingnetwork.de\/wordpress\/wp-content\/uploads\/2022\/10\/main4_web_screen-1024x709.jpg 1024w, https:\/\/recyclingnetwork.de\/wordpress\/wp-content\/uploads\/2022\/10\/main4_web_screen-300x208.jpg 300w, https:\/\/recyclingnetwork.de\/wordpress\/wp-content\/uploads\/2022\/10\/main4_web_screen-768x532.jpg 768w, https:\/\/recyclingnetwork.de\/wordpress\/wp-content\/uploads\/2022\/10\/main4_web_screen-1536x1064.jpg 1536w, https:\/\/recyclingnetwork.de\/wordpress\/wp-content\/uploads\/2022\/10\/main4_web_screen.jpg 1600w\" sizes=\"auto, (max-width: 1024px) 100vw, 1024px\" \/><\/figure><div class=\"wp-block-media-text__content\">\n<h2 class=\"wp-block-heading\">Bestellung durch Ihren Kunden<\/h2>\n\n\n\n<p>Der Kunde gibt seine Postleitzahl und den zu entsorgenden Inhalt ein. Danach erh\u00e4lt er eine Auswahl der verf\u00fcgbaren Container mit den entsprechenden Preisen, gibt das Datum f\u00fcr Anlieferung und Abholung ein und bezahlt.<\/p>\n\n\n\n<p>&#8211; Hier k\u00f6nnen unsere Container Grafiken (in verschiedenen Farben) oder Ihre eigenen Container-Grafik angezeigt werden<\/p>\n\n\n\n<p>&#8211; Die Verwaltung der Container erfolgt \u00fcber das Backend<\/p>\n\n\n\n<p>Der Kunde kann all seine Bestellungen in seiner App verwalten<\/p>\n\n\n\n<p><\/p>\n<\/div><\/div>\n\n\n\n<div class=\"wp-block-media-text alignwide has-media-on-the-right is-stacked-on-mobile\"><div class=\"wp-block-media-text__content\">\n<h2 class=\"wp-block-heading\">Ihr Kunde<\/h2>\n\n\n\n<p>Ihr Kunde kann s\u00e4mtliche seiner Bestellungen \u00fcber die App einsehen und verwalten<\/p>\n\n\n\n<p>Er kann Rechnungen, Wiegescheine, Fotodokumentationen einsehen.<\/p>\n\n\n\n<p>Er kann die Abholung veranlassen, Austausch oder Neubestellung.<\/p>\n<\/div><figure class=\"wp-block-media-text__media\"><img loading=\"lazy\" decoding=\"async\" width=\"1024\" height=\"709\" src=\"https:\/\/recyclingnetwork.de\/wordpress\/wp-content\/uploads\/2022\/10\/kundenansicht-1024x709.jpg\" alt=\"\" class=\"wp-image-1530 size-full\" srcset=\"https:\/\/recyclingnetwork.de\/wordpress\/wp-content\/uploads\/2022\/10\/kundenansicht-1024x709.jpg 1024w, https:\/\/recyclingnetwork.de\/wordpress\/wp-content\/uploads\/2022\/10\/kundenansicht-300x208.jpg 300w, https:\/\/recyclingnetwork.de\/wordpress\/wp-content\/uploads\/2022\/10\/kundenansicht-768x532.jpg 768w, https:\/\/recyclingnetwork.de\/wordpress\/wp-content\/uploads\/2022\/10\/kundenansicht-1536x1063.jpg 1536w, https:\/\/recyclingnetwork.de\/wordpress\/wp-content\/uploads\/2022\/10\/kundenansicht-2048x1418.jpg 2048w\" sizes=\"auto, (max-width: 1024px) 100vw, 1024px\" \/><\/figure><\/div>\n\n\n\n<h2 class=\"wp-block-heading\">Ihr Backend<\/h2>\n\n\n\n<p>App, Webseite und Ihre Portalseiten werden \u00fcber ein Backend verwaltet.<\/p>\n\n\n\n<p>Sie bekommen Benachrichtigungen \u00fcber die Bestellungen und k\u00f6nnen diese im Backend einsehen und bearbeiten.<\/p>\n\n\n\n<p>Im Backend k\u00f6nnen Sie alle Ihre Kunden, die Preise, Ihre Container, die Bestellungen, Zahlungseing\u00e4nge und sogar die Fahrer verwalten. Sie k\u00f6nnen den Bestand an Containern eingeben, sehen welche verf\u00fcgbar sind. Sie k\u00f6nnen ebenfalls&nbsp;<\/p>\n\n\n\n<p>Alle Texte in der App (\u00fcber ihr Unternehmen, weitere Angebote, AGBs, Datenschutz) k\u00f6nnen \u00fcber das Backend verwaltet werden.&nbsp;<\/p>\n\n\n\n<div class=\"wp-block-media-text alignwide is-stacked-on-mobile\"><figure class=\"wp-block-media-text__media\"><img loading=\"lazy\" decoding=\"async\" width=\"1024\" height=\"709\" src=\"https:\/\/recyclingnetwork.de\/wordpress\/wp-content\/uploads\/2022\/10\/fahrer-Vol-2-1-1024x709.jpg\" alt=\"\" class=\"wp-image-1529 size-full\" srcset=\"https:\/\/recyclingnetwork.de\/wordpress\/wp-content\/uploads\/2022\/10\/fahrer-Vol-2-1-1024x709.jpg 1024w, https:\/\/recyclingnetwork.de\/wordpress\/wp-content\/uploads\/2022\/10\/fahrer-Vol-2-1-300x208.jpg 300w, https:\/\/recyclingnetwork.de\/wordpress\/wp-content\/uploads\/2022\/10\/fahrer-Vol-2-1-768x532.jpg 768w, https:\/\/recyclingnetwork.de\/wordpress\/wp-content\/uploads\/2022\/10\/fahrer-Vol-2-1-1536x1063.jpg 1536w, https:\/\/recyclingnetwork.de\/wordpress\/wp-content\/uploads\/2022\/10\/fahrer-Vol-2-1-2048x1418.jpg 2048w\" sizes=\"auto, (max-width: 1024px) 100vw, 1024px\" \/><\/figure><div class=\"wp-block-media-text__content\">\n<h2 class=\"wp-block-heading\">Ihre Fahrer<\/h2>\n\n\n\n<p>Ihre Fahrer k\u00f6nnen ihre Auftr\u00e4ge \u00fcber die App einsehen und abarbeiten.<\/p>\n\n\n\n<p>Zu jedem Auftrag k\u00f6nnen die notwendigen Dokumente erstellt werden<\/p>\n\n\n\n<p>Bei Lieferung der Container unterschreibt der Kunde in der App. Die Dokumente sind in der Kundenansicht und im Backend abrufbar<\/p>\n\n\n\n<p><\/p>\n<\/div><\/div>\n\n\n\n<h2 class=\"wp-block-heading\">Was bedeutet individuelle Erstellung der App und Webseite?<\/h2>\n\n\n\n<ul class=\"wp-block-list\">\n<li>Eigenes App Icon, Sie werden im App-Store gefunden<\/li>\n\n\n\n<li>Eigene Webadresse<\/li>\n\n\n\n<li>Die App und Webseite werden in Ihren Farben und mit Ihrem Logo erstellt<\/li>\n\n\n\n<li>F\u00fcr die Container werden verschiedene Grafiken in unterschiedlichen Farben zur Verf\u00fcgung gestellt. Sie k\u00f6nnen aber auch Ihre eigenen Grafiken nutzen.<\/li>\n\n\n\n<li>F\u00fcr AGBs, Firmendarstellungen, Impressum, etc. werden Ihre eigenen Texte genutzt, die Sie auch selbst im Backend \u00e4ndern k\u00f6nnen.<\/li>\n<\/ul>\n\n\n\n<h2 class=\"wp-block-heading\">So viel kosten App und Webseite<\/h2>\n\n\n\n<p>Wir haben ein Framework mit den wichtigsten Funktionen. Daher k\u00f6nnen wir die App kosteng\u00fcnstig anbieten. <\/p>\n\n\n\n<p>Die Webseite stellen wir Ihnen mit Nutzung des Portals kostenlos zur Verf\u00fcgung. Die App k\u00f6nnen wir Ihnen zu den folgenden Konditionen anbieten. Wenn Sie weitere Fragen zu den Kosten und zu den Apps haben, dann f\u00fcllen Sie bitte das Formular unten aus und wir melden uns bei Ihnen.<\/p>\n\n\n\n<h3 class=\"wp-block-heading\">Die App:<\/h3>\n\n\n\n<p>Eigene individuelle App (iOS und Android)<\/p>\n\n\n\n<p>Ihr Kunde bezahlt bei Bestellung mit Kreditkarte, Sofort\u00fcberweisung, Giropay. Zahlungsabwicklung \u00fcber Recycling-Network. (Zahlungsdienstleistung erfolgt von dem Zahlungsdienstleister Stripe Payments Europe, Ltd. Betr\u00e4ge werden direkt von Stripe \u00fcberwiesen. Recycling-Network hat keinen Zugriff darauf.<\/p>\n\n\n\n<p>Bei Einstellung &#8222;Zahlung vor Ort&#8220; zahlt der Nutzer direkt an Sie vor Ort.<\/p>\n\n\n\n<p><a href=\"http:\/\/recyclingnetwork.de\/?page_id=1564\"><strong>Einmalige Einrichtigungsgeb\u00fchr: 1500,00 \u20ac\/netto<\/strong> <\/a><\/p>\n\n\n\n<p>49,00 \u20ac\/netto \/Monat (Kosten f\u00fcr Backend, Server, Updates, Wartung. Wird erst berechnet ab Datum, wenn die Apps im App-Store zur Verf\u00fcgung stehen.) (Bei Bestellung bis zum 31.11.2022 keine Hosting und Aktualisierungsgeb\u00fchren f\u00fcr ein Jahr.)<\/p>\n\n\n\n<p>3% vom Umsatz der \u00fcber Apps und Website bestellten Container (Abwicklungskosten\/Geb\u00fchren Kreditkartenunternehmen)<\/p>\n\n\n\n<p>Es besteht keine Mindestlaufzeit.<\/p>\n\n\n\n<div class=\"wp-block-contact-form-7-contact-form-selector\">\n<div class=\"wpcf7 no-js\" id=\"wpcf7-f1644-o1\" lang=\"en-US\" dir=\"ltr\" data-wpcf7-id=\"1644\">\n<div class=\"screen-reader-response\"><p role=\"status\" aria-live=\"polite\" aria-atomic=\"true\"><\/p> <ul><\/ul><\/div>\n<form action=\"\/index.php?rest_route=%2Fwp%2Fv2%2Fpages%2F1524#wpcf7-f1644-o1\" method=\"post\" class=\"wpcf7-form init\" aria-label=\"Contact form\" novalidate=\"novalidate\" data-status=\"init\">\n<fieldset class=\"hidden-fields-container\"><input type=\"hidden\" name=\"_wpcf7\" value=\"1644\" \/><input type=\"hidden\" name=\"_wpcf7_version\" value=\"6.1.2\" \/><input type=\"hidden\" name=\"_wpcf7_locale\" value=\"en_US\" \/><input type=\"hidden\" name=\"_wpcf7_unit_tag\" value=\"wpcf7-f1644-o1\" \/><input type=\"hidden\" name=\"_wpcf7_container_post\" value=\"0\" \/><input type=\"hidden\" name=\"_wpcf7_posted_data_hash\" value=\"\" \/>\n<\/fieldset>\n<h4>Bitte schicken Sie mir Ihre Preise\n<\/h4>\n<p><label> Firma<br \/>\n<span class=\"wpcf7-form-control-wrap\" data-name=\"firma\"><input size=\"40\" maxlength=\"400\" class=\"wpcf7-form-control wpcf7-text wpcf7-validates-as-required\" aria-required=\"true\" aria-invalid=\"false\" value=\"\" type=\"text\" name=\"firma\" \/><\/span> <\/label>\n<\/p>\n<p><label> Ihr Name<br \/>\n<span class=\"wpcf7-form-control-wrap\" data-name=\"your-name\"><input size=\"40\" maxlength=\"400\" class=\"wpcf7-form-control wpcf7-text wpcf7-validates-as-required\" aria-required=\"true\" aria-invalid=\"false\" value=\"\" type=\"text\" name=\"your-name\" \/><\/span> <\/label>\n<\/p>\n<p><label> Ihre E-Mail-Adresse<br \/>\n<span class=\"wpcf7-form-control-wrap\" data-name=\"email-438\"><input size=\"40\" maxlength=\"400\" class=\"wpcf7-form-control wpcf7-email wpcf7-validates-as-required wpcf7-text wpcf7-validates-as-email\" aria-required=\"true\" aria-invalid=\"false\" value=\"\" type=\"email\" name=\"email-438\" \/><\/span> <\/label>\n<\/p>\n<p><label> Ihre Telefon-Nr.<br \/>\n<span class=\"wpcf7-form-control-wrap\" data-name=\"tel-962\"><input size=\"40\" maxlength=\"400\" class=\"wpcf7-form-control wpcf7-tel wpcf7-text wpcf7-validates-as-tel\" aria-invalid=\"false\" value=\"\" type=\"tel\" name=\"tel-962\" \/><\/span> <\/label>\n<\/p>\n<p><label> Strasse<br \/>\n<span class=\"wpcf7-form-control-wrap\" data-name=\"your-street\"><input size=\"40\" maxlength=\"400\" class=\"wpcf7-form-control wpcf7-text wpcf7-validates-as-required\" aria-required=\"true\" aria-invalid=\"false\" value=\"\" type=\"text\" name=\"your-street\" \/><\/span> <\/label>\n<\/p>\n<p><label> PLZ<br \/>\n<span class=\"wpcf7-form-control-wrap\" data-name=\"your-postcode\"><input size=\"40\" maxlength=\"400\" class=\"wpcf7-form-control wpcf7-text wpcf7-validates-as-required\" aria-required=\"true\" aria-invalid=\"false\" value=\"\" type=\"text\" name=\"your-postcode\" \/><\/span> <\/label>\n<\/p>\n<p><label> Ort<br \/>\n<span class=\"wpcf7-form-control-wrap\" data-name=\"your-city\"><input size=\"40\" maxlength=\"400\" class=\"wpcf7-form-control wpcf7-text wpcf7-validates-as-required\" aria-required=\"true\" aria-invalid=\"false\" value=\"\" type=\"text\" name=\"your-city\" \/><\/span> <\/label>\n<\/p>\n<p><input class=\"wpcf7-form-control wpcf7-submit has-spinner\" type=\"submit\" value=\"Senden\" \/>\n<\/p><input type=\"hidden\" id=\"ct_checkjs_cf7_6da37dd3139aa4d9aa55b8d237ec5d4a\" name=\"ct_checkjs_cf7\" value=\"0\" \/><script >setTimeout(function(){var ct_input_name = \"ct_checkjs_cf7_6da37dd3139aa4d9aa55b8d237ec5d4a\";if (document.getElementById(ct_input_name) !== null) {var ct_input_value = document.getElementById(ct_input_name).value;document.getElementById(ct_input_name).value = document.getElementById(ct_input_name).value.replace(ct_input_value, 'dfb6160bea1427864b117341760daa7609ff840a2413ea0b1133ed2c15670c61');}}, 1000);<\/script><input\n                    class=\"apbct_special_field apbct_email_id__wp_contact_form_7\"\n                    name=\"apbct__email_id__wp_contact_form_7\"\n                    aria-label=\"apbct__label_id__wp_contact_form_7\"\n                    type=\"text\" size=\"30\" maxlength=\"200\" autocomplete=\"off\"\n                    value=\"\"\n                \/><div class=\"wpcf7-response-output\" aria-hidden=\"true\"><\/div>\n<\/form>\n<\/div>\n<\/div>\n","protected":false},"excerpt":{"rendered":"<p>Dies ist Ihre individuelle App. Der Kunde sieht nur die bei Ihnen bestellten Container. Die App kann mit dem Portal Recycling Network, mit Ihrer individuellen Webseite mit Recycling Network Shop &#8230;<\/p>\n","protected":false},"author":1,"featured_media":0,"parent":0,"menu_order":0,"comment_status":"closed","ping_status":"closed","template":"","meta":{"footnotes":""},"class_list":["post-1524","page","type-page","status-publish","hentry"],"yoast_head":"<!-- This site is optimized with the Yoast SEO plugin v27.4 - https:\/\/yoast.com\/product\/yoast-seo-wordpress\/ -->\n<title>Die Recycling-Network App - Recycling Network<\/title>\n<meta name=\"robots\" content=\"index, follow, max-snippet:-1, max-image-preview:large, max-video-preview:-1\" \/>\n<link rel=\"canonical\" href=\"https:\/\/recyclingnetwork.de\/?page_id=1524\" \/>\n<meta property=\"og:locale\" content=\"de_DE\" \/>\n<meta property=\"og:type\" content=\"article\" \/>\n<meta property=\"og:title\" content=\"Die Recycling-Network App - Recycling Network\" \/>\n<meta property=\"og:description\" content=\"Dies ist Ihre individuelle App. Der Kunde sieht nur die bei Ihnen bestellten Container. Die App kann mit dem Portal Recycling Network, mit Ihrer individuellen Webseite mit Recycling Network Shop ...\" \/>\n<meta property=\"og:url\" content=\"https:\/\/recyclingnetwork.de\/?page_id=1524\" \/>\n<meta property=\"og:site_name\" content=\"Recycling Network\" \/>\n<meta property=\"article:modified_time\" content=\"2022-11-23T10:19:17+00:00\" \/>\n<meta property=\"og:image\" content=\"https:\/\/recyclingnetwork.de\/wordpress\/wp-content\/uploads\/2022\/10\/main4_web_screen-1024x709.jpg\" \/>\n<meta name=\"twitter:card\" content=\"summary_large_image\" \/>\n<meta name=\"twitter:label1\" content=\"Gesch\u00e4tzte Lesezeit\" \/>\n\t<meta name=\"twitter:data1\" content=\"4\u00a0Minuten\" \/>\n<script type=\"application\/ld+json\" class=\"yoast-schema-graph\">{\"@context\":\"https:\\\/\\\/schema.org\",\"@graph\":[{\"@type\":\"WebPage\",\"@id\":\"https:\\\/\\\/recyclingnetwork.de\\\/?page_id=1524\",\"url\":\"https:\\\/\\\/recyclingnetwork.de\\\/?page_id=1524\",\"name\":\"Die Recycling-Network App - Recycling Network\",\"isPartOf\":{\"@id\":\"https:\\\/\\\/recyclingnetwork.de\\\/#website\"},\"primaryImageOfPage\":{\"@id\":\"https:\\\/\\\/recyclingnetwork.de\\\/?page_id=1524#primaryimage\"},\"image\":{\"@id\":\"https:\\\/\\\/recyclingnetwork.de\\\/?page_id=1524#primaryimage\"},\"thumbnailUrl\":\"https:\\\/\\\/recyclingnetwork.de\\\/wordpress\\\/wp-content\\\/uploads\\\/2022\\\/10\\\/main4_web_screen-1024x709.jpg\",\"datePublished\":\"2022-10-26T09:10:27+00:00\",\"dateModified\":\"2022-11-23T10:19:17+00:00\",\"breadcrumb\":{\"@id\":\"https:\\\/\\\/recyclingnetwork.de\\\/?page_id=1524#breadcrumb\"},\"inLanguage\":\"de\",\"potentialAction\":[{\"@type\":\"ReadAction\",\"target\":[\"https:\\\/\\\/recyclingnetwork.de\\\/?page_id=1524\"]}]},{\"@type\":\"ImageObject\",\"inLanguage\":\"de\",\"@id\":\"https:\\\/\\\/recyclingnetwork.de\\\/?page_id=1524#primaryimage\",\"url\":\"https:\\\/\\\/recyclingnetwork.de\\\/wordpress\\\/wp-content\\\/uploads\\\/2022\\\/10\\\/main4_web_screen.jpg\",\"contentUrl\":\"https:\\\/\\\/recyclingnetwork.de\\\/wordpress\\\/wp-content\\\/uploads\\\/2022\\\/10\\\/main4_web_screen.jpg\",\"width\":1600,\"height\":1108},{\"@type\":\"BreadcrumbList\",\"@id\":\"https:\\\/\\\/recyclingnetwork.de\\\/?page_id=1524#breadcrumb\",\"itemListElement\":[{\"@type\":\"ListItem\",\"position\":1,\"name\":\"Startseite\",\"item\":\"https:\\\/\\\/recyclingnetwork.de\\\/\"},{\"@type\":\"ListItem\",\"position\":2,\"name\":\"Die Recycling-Network App\"}]},{\"@type\":\"WebSite\",\"@id\":\"https:\\\/\\\/recyclingnetwork.de\\\/#website\",\"url\":\"https:\\\/\\\/recyclingnetwork.de\\\/\",\"name\":\"Recycling Network\",\"description\":\"RecyclingNetwork Portal\",\"publisher\":{\"@id\":\"https:\\\/\\\/recyclingnetwork.de\\\/#organization\"},\"potentialAction\":[{\"@type\":\"SearchAction\",\"target\":{\"@type\":\"EntryPoint\",\"urlTemplate\":\"https:\\\/\\\/recyclingnetwork.de\\\/?s={search_term_string}\"},\"query-input\":{\"@type\":\"PropertyValueSpecification\",\"valueRequired\":true,\"valueName\":\"search_term_string\"}}],\"inLanguage\":\"de\"},{\"@type\":\"Organization\",\"@id\":\"https:\\\/\\\/recyclingnetwork.de\\\/#organization\",\"name\":\"Recycling Network\",\"url\":\"https:\\\/\\\/recyclingnetwork.de\\\/\",\"logo\":{\"@type\":\"ImageObject\",\"inLanguage\":\"de\",\"@id\":\"https:\\\/\\\/recyclingnetwork.de\\\/#\\\/schema\\\/logo\\\/image\\\/\",\"url\":\"https:\\\/\\\/recyclingnetwork.de\\\/wordpress\\\/wp-content\\\/uploads\\\/2022\\\/10\\\/logo_left.png\",\"contentUrl\":\"https:\\\/\\\/recyclingnetwork.de\\\/wordpress\\\/wp-content\\\/uploads\\\/2022\\\/10\\\/logo_left.png\",\"width\":203,\"height\":66,\"caption\":\"Recycling Network\"},\"image\":{\"@id\":\"https:\\\/\\\/recyclingnetwork.de\\\/#\\\/schema\\\/logo\\\/image\\\/\"}}]}<\/script>\n<!-- \/ Yoast SEO plugin. -->","yoast_head_json":{"title":"Die Recycling-Network App - Recycling Network","robots":{"index":"index","follow":"follow","max-snippet":"max-snippet:-1","max-image-preview":"max-image-preview:large","max-video-preview":"max-video-preview:-1"},"canonical":"https:\/\/recyclingnetwork.de\/?page_id=1524","og_locale":"de_DE","og_type":"article","og_title":"Die Recycling-Network App - Recycling Network","og_description":"Dies ist Ihre individuelle App. Der Kunde sieht nur die bei Ihnen bestellten Container. Die App kann mit dem Portal Recycling Network, mit Ihrer individuellen Webseite mit Recycling Network Shop ...","og_url":"https:\/\/recyclingnetwork.de\/?page_id=1524","og_site_name":"Recycling Network","article_modified_time":"2022-11-23T10:19:17+00:00","og_image":[{"url":"https:\/\/recyclingnetwork.de\/wordpress\/wp-content\/uploads\/2022\/10\/main4_web_screen-1024x709.jpg","type":"","width":"","height":""}],"twitter_card":"summary_large_image","twitter_misc":{"Gesch\u00e4tzte Lesezeit":"4\u00a0Minuten"},"schema":{"@context":"https:\/\/schema.org","@graph":[{"@type":"WebPage","@id":"https:\/\/recyclingnetwork.de\/?page_id=1524","url":"https:\/\/recyclingnetwork.de\/?page_id=1524","name":"Die Recycling-Network App - Recycling Network","isPartOf":{"@id":"https:\/\/recyclingnetwork.de\/#website"},"primaryImageOfPage":{"@id":"https:\/\/recyclingnetwork.de\/?page_id=1524#primaryimage"},"image":{"@id":"https:\/\/recyclingnetwork.de\/?page_id=1524#primaryimage"},"thumbnailUrl":"https:\/\/recyclingnetwork.de\/wordpress\/wp-content\/uploads\/2022\/10\/main4_web_screen-1024x709.jpg","datePublished":"2022-10-26T09:10:27+00:00","dateModified":"2022-11-23T10:19:17+00:00","breadcrumb":{"@id":"https:\/\/recyclingnetwork.de\/?page_id=1524#breadcrumb"},"inLanguage":"de","potentialAction":[{"@type":"ReadAction","target":["https:\/\/recyclingnetwork.de\/?page_id=1524"]}]},{"@type":"ImageObject","inLanguage":"de","@id":"https:\/\/recyclingnetwork.de\/?page_id=1524#primaryimage","url":"https:\/\/recyclingnetwork.de\/wordpress\/wp-content\/uploads\/2022\/10\/main4_web_screen.jpg","contentUrl":"https:\/\/recyclingnetwork.de\/wordpress\/wp-content\/uploads\/2022\/10\/main4_web_screen.jpg","width":1600,"height":1108},{"@type":"BreadcrumbList","@id":"https:\/\/recyclingnetwork.de\/?page_id=1524#breadcrumb","itemListElement":[{"@type":"ListItem","position":1,"name":"Startseite","item":"https:\/\/recyclingnetwork.de\/"},{"@type":"ListItem","position":2,"name":"Die Recycling-Network App"}]},{"@type":"WebSite","@id":"https:\/\/recyclingnetwork.de\/#website","url":"https:\/\/recyclingnetwork.de\/","name":"Recycling Network","description":"RecyclingNetwork Portal","publisher":{"@id":"https:\/\/recyclingnetwork.de\/#organization"},"potentialAction":[{"@type":"SearchAction","target":{"@type":"EntryPoint","urlTemplate":"https:\/\/recyclingnetwork.de\/?s={search_term_string}"},"query-input":{"@type":"PropertyValueSpecification","valueRequired":true,"valueName":"search_term_string"}}],"inLanguage":"de"},{"@type":"Organization","@id":"https:\/\/recyclingnetwork.de\/#organization","name":"Recycling Network","url":"https:\/\/recyclingnetwork.de\/","logo":{"@type":"ImageObject","inLanguage":"de","@id":"https:\/\/recyclingnetwork.de\/#\/schema\/logo\/image\/","url":"https:\/\/recyclingnetwork.de\/wordpress\/wp-content\/uploads\/2022\/10\/logo_left.png","contentUrl":"https:\/\/recyclingnetwork.de\/wordpress\/wp-content\/uploads\/2022\/10\/logo_left.png","width":203,"height":66,"caption":"Recycling Network"},"image":{"@id":"https:\/\/recyclingnetwork.de\/#\/schema\/logo\/image\/"}}]}},"_links":{"self":[{"href":"https:\/\/recyclingnetwork.de\/index.php?rest_route=\/wp\/v2\/pages\/1524","targetHints":{"allow":["GET"]}}],"collection":[{"href":"https:\/\/recyclingnetwork.de\/index.php?rest_route=\/wp\/v2\/pages"}],"about":[{"href":"https:\/\/recyclingnetwork.de\/index.php?rest_route=\/wp\/v2\/types\/page"}],"author":[{"embeddable":true,"href":"https:\/\/recyclingnetwork.de\/index.php?rest_route=\/wp\/v2\/users\/1"}],"replies":[{"embeddable":true,"href":"https:\/\/recyclingnetwork.de\/index.php?rest_route=%2Fwp%2Fv2%2Fcomments&post=1524"}],"version-history":[{"count":7,"href":"https:\/\/recyclingnetwork.de\/index.php?rest_route=\/wp\/v2\/pages\/1524\/revisions"}],"predecessor-version":[{"id":1673,"href":"https:\/\/recyclingnetwork.de\/index.php?rest_route=\/wp\/v2\/pages\/1524\/revisions\/1673"}],"wp:attachment":[{"href":"https:\/\/recyclingnetwork.de\/index.php?rest_route=%2Fwp%2Fv2%2Fmedia&parent=1524"}],"curies":[{"name":"wp","href":"https:\/\/api.w.org\/{rel}","templated":true}]}}